 by 29?
28
Let i(g) = -2*g**2 + 2*g - 3. Let v be i(3). Let f = 17 + v. Calculate the remainder when (-1)/(-1 + 2) + 5 is divided by f.
0
Let i = -46 - -75. Calculate the remainder when 55 is divided by i.
26
Let w be 3/(1 + (-3)/(-6)). Let m be (w/3)/((-14)/(-21)). Calculate the remainder when 26 is divided by m/6 + 164/24.
5
Suppose -3*u + 15 = d, -3*u + 5*d + 25 = -8. Calculate the remainder when 34 is divided by u.
4
Let n(p) = -2*p + 6*p - 4*p + p**2 - p. Let b be (-6)/15 + (-6)/10. What is the remainder when 4 is divided by n(b)?
0
Let v(f) = 5*f**2 + 2*f. Let s be v(-3). Let o = 16 + -24. Let t = o + s. Calculate the remainder when t is divided by 11.
9
Let d(g) = -4*g - 31. Calculate the remainder when 50 is divided by d(-12).
16
Let t = -3 - -5. Calculate the remainder when 7 is divided by (-9)/2*t/(-3).
1
Let n = 20 + 41. Let r = n + -33. Calculate the remainder when r is divided by 10.
8
Let u = 52 - 29. Calculate the remainder when 45 is divided by u.
22
Suppose -h + 5 + 42 = 4*u, -5*u + 5*h + 40 = 0. Calculate the remainder when 63 is divided by u.
8
Let o(c) be the third derivative of c**6/120 - c**5/60 + 5*c**4/24 - 7*c**3/6 + 7*c**2. What is the remainder when o(3) is divided by 10?
6
Suppose 3*y - 3*s = 29 - 8, -y + 2*s + 11 = 0. Suppose 2*n + y*k + 8 = 6*n, 4*n - 2*k - 8 = 0. What is the remainder when 2 is divided by n?
0
Let u be -2 - (1 - (-12)/(-2)). Let z = u + 3. What is the remainder when 11 is divided by z?
5
Let n be (-1)/(3/9) - 15. What is the remainder when 3 is divided by (-6)/10 + n/(-5)?
0
Let k(y) = 3*y**2 + 8*y - 13. What is the remainder when k(5) is divided by 15?
12
Let a be 0/(3 - (-1)/(-1)). Suppose a = -s - 2*s - 5*t + 96, 160 = 5*s - 5*t. What is the remainder when s is divided by 11?
10
Let h(d) = d**3 - 2*d**2 + d + 4. Suppose 0 = -10*w - 2*w + 744. Calculate the remainder when w is divided by h(3).
14
Suppose -3*k = -2*q + 14, -q + k = -k - 7. What is the remainder when 33 is divided by q?
5
Let k(u) = -u**3 + 4*u**2 + u + 1. Let l = 29 + -15. What is the remainder when l is divided by k(4)?
4
Calculate the remainder when (-8 + (-57)/(-6))*124/3 is divided by 22.
18
Let x(t) be the second derivative of -7*t**5/20 - t**4/12 - t**3/3 - t**2/2 - 5*t. What is the remainder when x(-1) is divided by 2?
1
Let k = 19 + 13. What is the remainder when k is divided by 17?
15
What is the remainder when (-21)/(-2)*2/3 is divided by 14/5 - 1/(-5)?
1
Let r(h) = -2*h - 2. Suppose -4*b - 9*b + 143 = 0. Calculate the remainder when b is divided by r(-4).
5
Let h = 10 + 0. Suppose 0 = 5*f + y - 22, -y + 1 = -f - 3*y. Suppose -2*m - 3*m = f*q - 25, 2*q + 3*m - 11 = 0. Calculate the remainder when h is divided by q.
2
Let s = -2 - -10. Let w(g) = g**3 - 9*g**2 + 10*g - 2. What is the remainder when 41 is divided by w(s)?
13
Suppose 5*i = 25 + 5. Suppose 8*h - 51 = 29. What is the remainder when h is divided by i?
4
Let i be -5*(14/10)/(-1). Suppose i*c = 6*c + 13. Calculate the remainder when c is divided by ((-2)/(-4))/(1/14).
6
Let r(s) = -2*s**3 + 2*s**2 + 3*s + 4. Let y(k) = -2*k**3 - 2*k**2 - k - 2. What is the remainder when r(-2) is divided by y(-2)?
6
Let c = 67 - 41. Calculate the remainder when c is divided by 11.
4
Let v = 108 + -77. What is the remainder when 152 is divided by v?
28
Suppose 2*b - 109 + 5 = 0. What is the remainder when 207 is divided by b?
51
Suppose 0*q = -q + 10. Suppose -3*j + j + q = 0. Let z(n) = 3*n - 37. What is the remainder when z(15) is divided by j?
3
Let k(p) = -p**2 - 8*p - 8. Let d(l) = 1. Let c(i) = d(i) + k(i). Calculate the remainder when (-2 + 3)*1 + 22 is divided by c(-5).
7
Suppose 5*t = -a + 11, -3*a + 3*t - 8 = -23. What is the remainder when (-94)/(-3) - a/(-9) is divided by 17?
15
Let y = 15 - -6. Suppose -4*j - 53 = -149. Calculate the remainder when y is divided by 60/8*j/15.
9
Suppose 28 = a - 3*n - 50, -322 = -5*a - 2*n. What is the remainder when a is divided by 34?
32
Suppose -3*y = 2*s - 259, 3*s - 2*y = -y + 361. Calculate the remainder when s is divided by 41.
40
Let m(h) = h**3 + 12*h**2 - h - 1. Let a = -19 + 51. Calculate the remainder when a is divided by m(-12).
10
Suppose -2*m - 7 = -5*w + 5, -w - m = -8. Let l be -2*(1 + (-2)/w). What is the remainder when 24 is divided by 4*l*(-9)/4?
6
Let c = 10 - -1. Calculate the remainder when 20 is divided by c.
9
Let k = -53 - -30. Let f = -3 - k. Let r = -15 - -22. Calculate the remainder when f is divided by r.
6
Suppose 2*i - 114 = n, 65 - 291 = -4*i + n. Suppose 5*g - 140 = 3*c, -3*c - i = -2*g - 5*c. Calculate the remainder when g is divided by 15.
13
Calculate the remainder when 4 is divided by 192/104 - (-4)/26.
0
Let l(x) = -x - 3. Let d be l(-8). Suppose 4*k + 3*u - 46 = u, 0 = d*k + u - 62. What is the remainder when 38 is divided by k?
12
Let y(b) = b**3 - 5 - 7*b + 10*b**2 + 6*b + 9*b. Let d be y(-9). Suppose -j + 8 = -d. What is the remainder when j is divided by 7?
5
Let s = -105 + 254. What is the remainder when s is divided by 30?
29
Let w be ((12/(-3))/(-1))/1. Let q = w - -1. Calculate the remainder when 19 is divided by q.
4
Suppose -2 = -r - 4. Let u be r*(-2)/2 + 15. Suppose -u = -3*p - 2. What is the remainder when 9 is divided by p?
4
Suppose -2*n - 24 = -y, y - 12 = n + 12. Suppose -v + 0*f - 4*f = -78, -8 = -4*f. Calculate the remainder when v is divided by y.
22
Suppose -3*n - n + 48 = -4*b, 2*n + b = 18. What is the remainder when 27 is divided by n?
7
Let y = 18 - 9. Let f be ((-4)/(-12))/(1/y). Suppose -f*a = -2*x + 39, 3*x - 6 = -2*a + 20. Calculate the remainder when 35 is divided by x.
11
Let j(q) = -q**3 + 3*q**2 + 7*q + 20. What is the remainder when j(5) is divided by 4?
1
Let o = -2 + 10. What is the remainder when 62 is divided by o?
6
Let h = 21 + -7. What is the remainder when (42 - -1) + -1 - (66 + -64) is divided by h?
12
Calculate the remainder when 23 is divided by (26/(-3))/((-8)/12).
10
Suppose 8*p = 4*p + 1180. What is the remainder when p is divided by 37?
36
Let c(u) = u**3 + 4*u**2 - 2*u - 3. Let y(g) be the third derivative of g**4/24 + 7*g**3/6 - g**2. What is the remainder when c(-3) is divided by y(0)?
5
Suppose 0 = -4*p + 21 + 7. Let y(n) = n**3 - 5*n**2 - 9*n - 3. Calculate the remainder when y(p) is divided by (-1 + -1)*17/(-2).
15
Suppose -5*r + 27 = -23. Let g = -4 - -3. What is the remainder when 1 + 28/(0 - g) is divided by r?
9
Let a(t) = t**3 + 7*t**2 + 4*t - 1. Suppose 4*b + 30 = -b. Suppose -5*j = -2*j - 18. Calculate the remainder when a(b) is divided by j.
5
Suppose -2*p + 0 = r - 71, -4*r = -12. Calculate the remainder when p is divided by 12.
10
Let p = 51 - 78. Let q = -5 - p. What is the remainder when q is divided by 8/(2/(3 + -1))?
6
Let f = 39 - 21. Let v(s) = -4*s**2 - 16*s + f*s + 5*s**2 - 3. What is the remainder when v(-5) is divided by 7?
5
Suppose 34 = -r + 9. Let p = 16 + r. Calculate the remainder when 38 is divided by ((-69)/p + -1)*3.
18
Let t(d) = d**2 + 4*d - 5. What is the remainder when 66 is divided by t(4)?
12
Let w = -4 - -7. Let j(c) = 2*c**3 - 3*c**2 - 4. What is the remainder when j(w) is divided by 8?
7
Let x(m) = -8*m**3 - 4*m - 2. Let f(w) = 7*w**3 + 5*w + 3. Let d(i) = -3*f(i) - 4*x(i). What is the remainder when d(1) is divided by (-51)/(-12) - (-2)/(-8)?
3
Suppose k = 6 - 2, g = 2*k. Suppose -g = s - 27. Let x = -11 + 21. What is the remainder when s is divided by x?
9
Suppose 0*j - 24 = -s - 3*j, -5*s + 5*j = -180. What is the remainder when 54 is divided by (2/3)/(2/s)?
10
Suppose 27 = -5*s - 63. Calculate the remainder when 11 is divided by -8 - -6 - s/2.
4
Suppose 65 = q - 2*b, 0*q + b - 270 = -5*q. What is the remainder when q is divided by (-2)/8 + 154/8?
17
Suppose j = 1 - 3. Let q = 6 + 6. What is the remainder when 1/((j/1)/(-70)) is divided by q?
11
Let s(j) = -j**3 + 4*j**2 + 1. Let z(r) = r + 12. Let k be z(-8). Suppose -a + 9 = 5*m, 0 = m + 4*a + 1 + 1. Calculate the remainder when m is divided by s(k).
0
Let j = 35 - 1. What is the remainder when j is divided by 18?
16
Let z = 46 - 33. Let y(w) = w - 3. Let x be y(7). Let a = x - -1. What is the remainder when z is divided by a?
3
Let l = 39 - 12. Let r = -41 - -147. What is the remainder when r is divided by l?
25
Suppose 3*g = -2*w + 9, -4*w + 